 78?
39
Calculate the highest common factor of 8514 and 66.
66
Calculate the highest common factor of 9 and 117.
9
What is the greatest common factor of 4658 and 34?
34
Calculate the greatest common divisor of 415 and 95.
5
What is the greatest common divisor of 175 and 7525?
175
What is the highest common divisor of 189 and 21?
21
What is the highest common factor of 24 and 3?
3
What is the greatest common factor of 144 and 16?
16
Calculate the highest common factor of 424 and 1643.
53
Calculate the highest common divisor of 2856 and 119.
119
What is the highest common divisor of 17 and 7361?
17
What is the greatest common factor of 9 and 2682?
9
Calculate the greatest common factor of 4320 and 1350.
270
Calculate the highest common divisor of 3959 and 37.
37
Calculate the greatest common factor of 46 and 2162.
46
Calculate the greatest common factor of 162 and 1539.
81
Calculate the highest common divisor of 207 and 36.
9
Calculate the highest common divisor of 404 and 303.
101
What is the greatest common factor of 1628 and 2146?
74
What is the greatest common factor of 42 and 231?
21
Calculate the greatest common factor of 784 and 19012.
196
What is the highest common factor of 324 and 1188?
108
What is the highest common factor of 108 and 20736?
108
Calculate the greatest common factor of 2810 and 60.
10
What is the highest common factor of 96 and 7456?
32
What is the highest common divisor of 272 and 32?
16
Calculate the greatest common divisor of 464 and 812.
116
What is the greatest common factor of 2651 and 11?
11
Calculate the highest common factor of 24 and 3048.
24
What is the highest common divisor of 315 and 1190?
35
What is the greatest common divisor of 121 and 1?
1
What is the highest common divisor of 836 and 76?
76
What is the highest common divisor of 1703 and 3930?
131
What is the greatest common factor of 312 and 546?
78
Calculate the highest common factor of 2200 and 5775.
275
What is the greatest common factor of 297 and 759?
33
What is the greatest common divisor of 88 and 1656?
8
What is the greatest common divisor of 33 and 72?
3
Calculate the highest common divisor of 4484 and 152.
76
Calculate the greatest common factor of 917 and 28.
7
Calculate the highest common divisor of 24 and 2652.
12
Calculate the highest common factor of 103 and 309.
103
What is the highest common factor of 1073 and 29?
29
Calculate the highest common factor of 96 and 552.
24
What is the greatest common factor of 85 and 34?
17
What is the highest common divisor of 138 and 1081?
23
What is the greatest common factor of 459 and 54?
27
Calculate the highest common factor of 1519 and 1829.
31
Calculate the greatest common factor of 3810 and 30.
30
Calculate the greatest common divisor of 287 and 41.
41
What is the greatest common divisor of 36 and 576?
36
What is the greatest common factor of 35 and 42?
7
What is the greatest common factor of 3 and 13?
1
What is the highest common factor of 9520 and 420?
140
What is the greatest common factor of 375 and 135?
15
What is the greatest common factor of 889 and 381?
127
What is the highest common factor of 2648 and 40?
8
What is the highest common factor of 21 and 3129?
21
Calculate the highest common divisor of 551 and 812.
29
What is the highest common divisor of 42890 and 20?
10
Calculate the greatest common factor of 6 and 3714.
6
Calculate the highest common divisor of 81 and 135.
27
Calculate the greatest common factor of 26 and 1586.
26
Calculate the highest common factor of 180 and 642.
6
What is the greatest common divisor of 136 and 288?
8
Calculate the highest common factor of 124 and 3.
1
What is the greatest common factor of 76 and 133?
19
What is the highest common divisor of 512 and 448?
64
What is the greatest common divisor of 410 and 164?
82
What is the highest common divisor of 570 and 21774?
114
Calculate the greatest common divisor of 102 and 40902.
102
Calculate the greatest common divisor of 23 and 575.
23
What is the highest common factor of 350 and 200?
50
What is the highest common factor of 1980 and 572?
44
Calculate the highest common factor of 2814 and 268.
134
Calculate the highest common factor of 25 and 2.
1
Calculate the highest common factor of 36 and 96.
12
What is the greatest common factor of 70 and 105?
35
What is the highest common factor of 660 and 36?
12
What is the highest common factor of 1972 and 232?
116
What is the highest common factor of 8 and 34312?
8
Calculate the greatest common factor of 132 and 8.
4
What is the highest common divisor of 9 and 99?
9
What is the greatest common divisor of 16 and 112?
16
Calculate the highest common factor of 3666 and 2538.
282
Calculate the greatest common divisor of 20 and 28.
4
What is the greatest common factor of 210 and 150?
30
What is the highest common factor of 224 and 532?
28
Calculate the highest common divisor of 7917 and 126.
21
What is the highest common divisor of 192 and 912?
48
What is the highest common divisor of 95 and 76?
19
What is the greatest common divisor of 12 and 8?
4
What is the highest common factor of 1387 and 95?
19
Calculate the highest common factor of 55 and 25.
5
What is the highest common divisor of 13699 and 76?
19
Calculate the highest common factor of 68 and 544.
68
What is the greatest common factor of 44 and 583?
11
Calculate the highest common factor of 36 and 27.
9
Calculate the greatest common divisor of 84 and 4956.
84
Calculate the greatest common factor of 10 and 1030.
10
What is the greatest common factor of 704 and 192?
64
What is the highest common factor of 288 and 1752?
24
What is the greatest common divisor of 465 and 4371?
93
Calculate the greatest common factor of 12024 and 16.
8
What is the greatest common divisor of 1715 and 7?
7
What is the highest common factor of 253 and 92?
23
What is the greatest common divisor of 132 and 3586?
22
What is the greatest common factor of 999 and 22311?
333
Calculate the greatest common factor of 760 and 57.
19
Calculate the highest common divisor of 1665 and 45.
45
What is the greatest common divisor of 3922 and 53?
53
What is the greatest common factor of 156 and 84?
12
What is the highest common divisor of 805 and 105?
35
What is the highest common factor of 19220 and 20?
20
Calculate the highest common factor of 188 and 47.
47
Calculate the greatest common divisor of 238 and 42.
14
What is the highest common factor of 235 and 282?
47
Calculate the highest common factor of 120 and 984.
24
Calculate the greatest common factor of 351 and 39.
39
What is the highest common factor of 196 and 68404?
196
What is the greatest common divisor of 120 and 7176?
24
Calculate the greatest common factor of 869 and 11.
11
What is the highest common divisor of 11931 and 1164?
291
What is the highest common factor of 55 and 19800?
55
What is the greatest common factor of 7884 and 803?
73
Calculate the highest common divisor of 296 and 666.
74
What is the highest common factor of 520 and 234?
26
Calculate the highest common divisor of 184 and 1794.
46
Calculate the highest common divisor of 820 and 100.
20
What is the highest common divisor of 75 and 5?
5
What is the greatest common factor of 4976 and 16?
16
Calculate the greatest common factor of 95 and 361.
19
Calculate the greatest common divisor of 210 and 5430.
30
What is the greatest common factor of 7 and 1?
1
Calculate the greatest common divisor of 62 and 4743.
31
Calculate the highest common divisor of 85 and 17.
17
What is the highest common divisor of 198 and 18?
18
What is the greatest common factor of 1529 and 11?
11
What is the greatest common factor of 11723 and 57?
19
What is the highest common divisor of 80534 and 134?
134
What is the greatest common factor of 21566 and 82?
82
Calculate the highest common divisor of 272 and 2516.
68
What is the highest common factor of 552 and 678?
6
What is the highest common divisor of 23152 and 16?
16
What is the highest common factor of 1716 and 156?
156
Calculate the greatest common factor of 464 and 145.
29
What is the highest common divisor of 37 and 86617?
37
Calculate the highest common factor of 481 and 26.
13
Calculate the highest common divisor of 240 and 48.
48
What is the greatest common factor of 164 and 4?
4
Calculate t